e 2) in base 3?
-10102020000
Convert -201 (base 16) to base 12.
-369
What is -1250 (base 10) in base 6?
-5442
318 (base 10) to base 4
10332
What is 989 (base 10) in base 8?
1735
1324 (base 5) to base 6
554
What is 182 (base 15) in base 10?
347
What is -3241 (base 11) in base 2?
-1000010111000
What is 1001102 (base 3) in base 15?
362
Convert 331130 (base 4) to base 10.
3932
What is 2507 (base 15) in base 9?
11727
-ee4 (base 15) to base 6
-23324
Convert -35a3 (base 12) to base 2.
-1011110001011
What is -2494 (base 11) in base 8?
-6261
Convert 6006 (base 10) to base 14.
2290
-2477 (base 8) to base 14
-6bd
-313035 (base 6) to base 12
-1277b
What is 150a (base 12) in base 9?
3331
What is 247 (base 10) in base 9?
304
Convert 11a5 (base 14) to base 7.
11665
What is 1004543 (base 6) in base 16?
ba6f
What is -155445 (base 6) in base 10?
-15509
17607 (base 8) to base 13
389b
Convert -1011111101001 (base 2) to base 7.
-23563
What is 34312 (base 9) in base 8?
54505
-20d7 (base 14) to base 12
-3351
142a7 (base 11) to base 9
30782
-21111222 (base 3) to base 14
-1dd6
What is -2771 (base 8) in base 15?
-6be
-2521 (base 9) to base 3
-2120201
411 (base 9) to base 15
174
What is 120201 (base 4) in base 3?
2011010
What is 4575 (base 8) in base 11?
1909
Convert -10110010 (base 2) to base 14.
-ca
What is 311100 (base 5) in base 7?
41410
What is 2000220 (base 3) in base 16?
5ca
What is -11100111100 (base 2) in base 11?
-1434
10010110010 (base 2) to base 3
1122112
1004221 (base 5) to base 11
11185
What is -279a (base 13) in base 8?
-13110
What is -62a2 (base 15) in base 14?
-7856
36100 (base 12) to base 13
2713b
What is 12021222 (base 3) in base 7?
14153
What is -130202 (base 4) in base 7?
-5216
Convert -10100110010100100 (base 2) to base 11.
-58a85
What is 242534 (base 6) in base 14?
7b06
What is -2a2 (base 16) in base 10?
-674
62125 (base 8) to base 3
1022020022
What is -151c2 (base 14) in base 4?
-30310112
Convert 6000 (base 9) to base 15.
1469
What is -8c2 (base 16) in base 13?
-1036
What is -21111103 (base 4) in base 12?
-1a157
-4202 (base 6) to base 2
-1110101010
What is 100100010010 (base 2) in base 15?
a4c
24430 (base 5) to base 11
1446
-4df4 (base 16) to base 9
-30333
What is 214442 (base 5) in base 6?
54413
Convert -410231 (base 5) to base 9.
-20076
What is -ab12 (base 12) in base 14?
-6c46
What is -7016 (base 10) in base 15?
-212b
What is -1030222 (base 4) in base 15?
-16c1
What is 1002011102 (base 3) in base 10?
21260
11200201 (base 3) to base 10
3421
2685 (base 12) to base 2
1000101000101
6543 (base 7) to base 3
10012110
Convert -134230 (base 5) to base 15.
-19b0
Convert -30c7 (base 15) to base 2.
-10100001001000
Convert -18b4 (base 13) to base 14.
-14c0
Convert -3860 (base 14) to base 9.
-14502
-190 (base 12) to base 3
-100100
Convert -1112003 (base 4) to base 11.
-4157
Convert -120022000 (base 3) to base 6.
-123343
-100010101101 (base 2) to base 3
-10001021
-6d79 (base 15) to base 12
-11589
Convert 112310 (base 9) to base 14.
1a768
-1425a (base 11) to base 8
-47460
Convert -63a8 (base 11) to base 16.
-2113
Convert 193a (base 15) to base 11.
410a
11a3a (base 14) to base 10
43172
What is -57 (base 9) in base 6?
-124
1010100022 (base 3) to base 4
11121221
200102 (base 3) to base 7
1310
What is 3032131 (base 4) in base 14?
4b5b
Convert 1590 (base 11) to base 12.
1217
-52542 (base 7) to base 5
-403331
38399 (base 11) to base 8
153402
332 (base 12) to base 15
215
9159 (base 11) to base 10
12164
Convert -2247 (base 10) to base 14.
-b67
ab8 (base 13) to base 9
2465
5567 (base 10) to base 9
7565
-475 (base 9) to base 12
-288
22221 (base 3) to base 14
133
Convert -111001111010110 (base 2) to base 3.
-1111200022
Convert 1441 (base 5) to base 3.
100010
Convert -2343 (base 6) to base 16.
-237
Convert -1461 (base 8) to base 12.
-581
-1100000 (base 2) to base 16
-60
637 (base 12) to base 10
907
-3270 (base 14) to base 7
-34300
4040 (base 10) to base 8
7710
Convert 1373 (base 9) to base 6.
4450
What is -100112 (base 3) in base 7?
-515
-1fd2 (base 16) to base 5
-230041
What is -1110000110 (base 2) in base 9?
-1212
What is -83 (base 14) in base 15?
-7a
Convert 144a (base 11) to base 3.
2120020
-231220 (base 7) to base 14
-11080
What is -4c8 (base 15) in base 16?
-440
What is 53313 (base 6) in base 11?
5497
-24536 (base 7) to base 12
-3892
-210212200 (base 3) to base 10
-15948
Convert 2423 (base 6) to base 5.
4331
Convert 101100110100 (base 2) to base 14.
108c
-2b5 (base 14) to base 11
-461
What is 13462 (base 10) in base 2?
11010010010110
Convert -232311 (base 4) to base 13.
-1497
Convert 11001010111 (base 2) to base 5.
22443
35ea (base 15) to base 16
2cce
What is 121351 (base 6) in base 15?
329d
Convert 196 (base 10) to base 13.
121
a68 (base 13) to base 6
12120
-11a9 (base 13) to base 5
-40010
-32322 (base 9) to base 13
-9986
Convert a9b9 (base 15) to base 10.
35949
42b1 (base 14) to base 9
16723
What is -5132 (base 7) in base 10?
-1787
What is 6669 (base 10) in base 15?
1e99
2522 (base 10) to base 6
15402
Convert 6651 (base 8) to base 7.
13124
What is -32562 (base 8) in base 12?
-7b02
What is 122012 (base 3) in base 10?
464
What is -405300 (base 6) in base 4?
-13320210
-101022 (base 3) to base 5
-2103
Convert 1152 (base 6) to base 5.
2114
44 (base 10) to base 6
112
Convert 8 (base 10) to base 8.
10
Convert 3e5 (base 15) to base 14.
478
What is -1 (base 9) in base 13?
-1
What is 564 (base 11) in base 12?
483
What is -122103 (base 4) in base 11?
-12a0
What is 7768 (base 11) in base 4?
2133332
6077 (base 8) to base 6
22303
Convert 120101021 (base 3) to base 6.
123524
-27949 (base 11) to base 13
-15120
Convert -2336 (base 7) to base 4.
-31130
What is 199 (base 15) in base 16?
171
What is 1428 (base 12) in base 10?
2336
11303 (base 5) to base 14
432
What is 32232231 (base 4) in base 14?
17db7
What is -2233 (base 5) in base 7?
-633
Convert 35c (base 16) to base 5.
11420
-212330 (base 4) to base 16
-9bc
147 (base 14) to base 4
10003
What is 1021030 (base 4) in base 12?
2864
Convert 220220 (base 3) to base 8.
1240
What is 23143 (base 5) in base 9?
2258
102022 (base 4) to base 10
1162
1570 (base 9) to base 16
4ad
What is 100010010111010 (base 2) in base 4?
10102322
Convert -353131 (base 6) to base 9.
-45761
Convert 1845 (base 13) to base 4.
320112
Convert 24781 (base 11) to base 5.
2114132
Convert -5a21 (base 11) to base 3.
-101211011
What is -4234 (base 5) in base 15?
-27e
-255 (base 13) to base 16
-198
What is -100035 (base 6) in base 15?
-249e
Convert -100000 (base 2) to base 11.
-2a
-422 (base 10) to base 7
-1142
What is 35245 (base 7) in base 11?
6887
Convert -3304 (base 6) to base 10.
-760
What is -114602 (base 7) in base 14?
-7872
What is 1443 (base 5) in base 10?
248
What is 322 (base 10) in base 7?
640
What is 131d (base 14) in base 11?
2584
Convert ce89 (base 15) to base 9.
66043
Convert 14181 (base 13) to base 5.
2200443
Convert -242 (base 9) to base 8.
-310
-46645 (base 9) to base 4
-13212221
What is 13dbc (base 14) in base 12?
24696
Convert 88e (base 15) to base 3.
2122122
Convert 254 (base 15) to base 10.
529
What is -463 (base 9) in base 11?
-317
What is 1001200 (base 3) in base 14?
3d4
Convert 2020222221 (base 3) to base 9.
66887
What is -331 (base 10) in base 5?
-2311
Convert 4a4b (base 13) to base 10.
10541
Convert 2144 (base 5) to base 3.
102002
-2214111 (base 5) to base 9
-58021
-13003113 (base 4) to base 9
-43556
-1110010101 (base 2) to base 13
-557
What is 2 (base 8) in base 9?
2
What is 15a (base 14) in base 15?
136
Convert c28c (base 16) to base 15.
eb54
What is 100010100 (base 2) in base 5?
2101
-2025 (base 7) to base 9
-863
Convert 188 (base 11) to base 8.
331
-3443 (base 5) to base 12
-356
What is -17644 (base 8) in base 11?
-60a4
What is -1035 (base 7) in base 13?
-225
11111110 (base 2) to base 12
192
Convert bc0 (base 15) to base 8.
5137
144233 (base 5) to base 2
1100000110001
Convert -163 (base 7) to base 3.
-10111
Convert 101000 (base 2) to base 8.
50
Convert -3420 (base 6) to base 13.
-49b
12023 (base 4) to base 7
1103
What is -1203111 (base 5) in base 2?
-101011100001001
What is -8e6b (base 16) in base 11?
-25435
2836 (base 13) to base 5
141131
-21000100 (base 3) to base 15
-17ac
What is 73 (base 11) in base 12?
68
Convert -11171 (base 9)